2 - 4*i + 6. Let f be w(4). Let y be (-4)/(-12)*(0 + f). Suppose 4*b + y*k - k - 22 = 0, -2*b + 8 = -k. What is the units digit of b?
5
Suppose -4*h = 12, 3*h - 257 = -2*l + 8*h. What is the units digit of l?
1
Suppose 3*r + 2*z = 12, 4*r - z = 6*r - 7. Suppose 0*g = -r*g + 14. Suppose g*s - 2*s - 50 = 0. What is the tens digit of s?
1
Suppose 6*w - 54 = 4*w. What is the units digit of w?
7
Let s(z) = z**3 - 7*z**2 - 9*z + 9. Let j be s(8). Suppose -m = -5*m + g + 16, 2*g = -3*m + j. What is the units digit of m - 4/6*-3?
5
Let t(n) = n**3 + 6*n**2 - 9*n - 9. Let i be t(-7). Suppose 81 = i*s + j, 0*s - 2*j - 25 = -s. Let r = s + -7. What is the tens digit of r?
1
Suppose 2*h - 6 = 3*h. What is the units digit of (-15)/(-9) - (-4)/h?
1
Let m = 192 - 37. What is the tens digit of m?
5
Let u = -5 - -6. Suppose 0*q - 4*q = -72. Let w = q - u. What is the tens digit of w?
1
Let m = 91 - 30. What is the tens digit of m?
6
Let j(t) = 3*t**2 - 5*t + 5. What is the tens digit of j(4)?
3
Suppose -5 = p - 3*p - 5*u, -p = -2*u + 2. Let f(g) = 0*g**2 + 4*g**2 - 2*g + p*g**2. What is the units digit of f(2)?
2
Let y(g) = 4*g**2 + 7*g + 5. What is the units digit of y(-2)?
7
Let p(j) = j - 1. Let b be p(6). Let h(l) = -l + 5. Let t be h(b). Suppose -4*f + 2*r = 3*r - 7, t = 4*f - 2*r - 10. What is the units digit of f?
2
Suppose 2*t = 31 + 15. What is the tens digit of t?
2
Let u(f) = -f**3 + 5*f**2 - f - 4. Let j be u(4). Let n = 5 - j. What is the units digit of (14/(-3))/(1/n)?
4
Let y be (-147)/2 - (-1)/(-2). What is the units digit of 2/(-5) - y/10?
7
Suppose -7 - 1 = -2*r. Suppose -r*o = -6 - 2. Let b = o - -2. What is the units digit of b?
4
Suppose -3*g = 4*j + 143, -2*j - 2*g + 4*g - 54 = 0. Let h be (j/6 - -2)*3. What is the units digit of ((-3)/6)/(1/h)?
5
Let y = -43 - -31. What is the tens digit of ((y - 0) + 0)/(-1)?
1
Let j(g) = -6*g + 12. Let t be j(6). What is the tens digit of 2 - t/(2 - 1)?
2
Let n = 1 - 5. Let s(d) = -d**3 - 4*d**2 + 5*d + 5. Let f(y) = -y**3 - 4*y**2 + 5*y + 6. Let c(q) = n*s(q) + 3*f(q). What is the tens digit of c(-4)?
1
Suppose 5 = p + 4*n - 4, 2*p + 3*n + 2 = 0. Let u = p + 12. Suppose -u*f = -27 - 18. What is the units digit of f?
9
Let b(d) = -d**3 + 16*d**2 + 3*d + 20. What is the tens digit of b(15)?
9
Let s(y) be the second derivative of y**4/12 - y**3/6 + 2*y. What is the units digit of s(4)?
2
Suppose -97 = 15*s - 16*s. What is the tens digit of s?
9
Suppose -2*b + 64 = 2*b. Let p be 35 + (2*-1)/2. Suppose 5*z - p = -3*w + w, 0 = -4*z + 4*w + b. What is the units digit of z?
6
Let l be (-2)/(-8) - (-13)/(-4). Let s = 9 + l. What is the units digit of s?
6
Suppose -2*b = -3 - 1. Let v(h) = 3 + 5*h - 3 + 2. What is the units digit of v(b)?
2
What is the units digit of 91/1 + (-44)/11?
7
What is the tens digit of ((-6)/39 - 0) + (-964)/(-13)?
7
Let f(b) = -2*b - 24 + b + 27. Let w be f(0). Suppose 5*m + 40 = w*k + 5, -5*k = m - 49. What is the tens digit of k?
1
Let h(d) = 2*d**3 + d**2 - 2*d + 1. Let l be h(1). Let c(i) = 9*i + 2. What is the tens digit of c(l)?
2
Suppose z + 1 = -2*d, z + 1 - 2 = 0. What is the units digit of (d - -3) + (17 - 3)?
6
Suppose -2*g - 7 = -g. Let t(d) = d**3 + 8*d**2 + 6*d + 2. What is the units digit of t(g)?
9
Let f be (-18)/(1*(-2)/2). Suppose 0*g - g - f = 0. Let x = g + 25. What is the units digit of x?
7
Let n(c) = -c**3 + 8*c**2 + 7*c + 10. What is the hundreds digit of n(7)?
1
Let m be (11/(-1))/(2/(-6)). What is the tens digit of 1 + 3/(-3) + m?
3
Let o(m) be the third derivative of -m**6/120 - m**5/12 - m**4/4 + 5*m**3/6 + 6*m**2. What is the tens digit of o(-5)?
3
Suppose -2*a = -5*q - 92 - 33, -2*a + 126 = -4*q. What is the tens digit of a?
6
Suppose -2*n = l - 305 + 12, -151 = -n - 2*l. Suppose n = 9*p - 4*p. What is the units digit of p?
9
Let r be (-100)/(-16) - (-1)/(-4). Let q = r - 4. What is the units digit of q?
2
Let m(f) = 14*f - 16. What is the units digit of m(6)?
8
Let u = 9 - 4. Let i = 1 - -4. Suppose i*t = 3*n + 7, -6*t + u*t - 25 = -5*n. What is the units digit of n?
6
Suppose 0 = -3*d - 3*h - h + 12, 2*h - 6 = -5*d. Suppose 2*w - q + 10 = d, -4 = 2*q - 0. Let r(y) = y**3 + 7*y**2 + 6*y + 5. What is the units digit of r(w)?
5
Let s be ((-4)/8)/(2/(-44)). Let h = s - 24. Let r = -3 - h. What is the tens digit of r?
1
Let k(l) = 5*l**2 - 4*l + 2. What is the tens digit of k(2)?
1
Suppose 12 = p + 3*p. Suppose x = -p*x. Suppose -j + 9 - 2 = x. What is the units digit of j?
7
Let o(m) = -15*m - 29. What is the units digit of o(-8)?
1
Suppose 0 = 4*a - 3*a - 3. Suppose a*x + 4*s = 10, -2*x + 3 = -2*s + 1. Let j(z) = 3*z - 1. What is the units digit of j(x)?
5
Suppose -5*d - 96 = -2*g, -4*d - 72 = -g - 21. What is the tens digit of g?
4
Let c(y) = -5*y + 1. Let i be c(5). Let d(p) = -p**2 - 5*p. Let z be d(-4). What is the units digit of (i/15)/z*-5?
2
Suppose -5*p + 7*p - 450 = 0. What is the tens digit of p?
2
Suppose u - 3 + 2 = -o, -5*o + 5*u = -55. Let b be 7 - -3*(-4)/o. Suppose -2*t - 3*p + 5 = 0, 10 = t + 4*t + b*p. What is the units digit of t?
1
Let f(u) = -2*u**2 + 2*u + 2. Let t be f(2). Let b = -2 - t. Suppose -q = 3, 3*r = 2*q - b*q + 33. What is the units digit of r?
9
Let v(g) = -6 + 5*g + g**2 - 2 + g - g. What is the units digit of v(-8)?
6
Suppose 3*w - 4*w = -5. What is the tens digit of 5/(((-15)/(-9))/w)?
1
Suppose -p - 9 + 25 = 0. What is the units digit of p?
6
Let n(g) = -g**3 - 6*g**2 + g. Let k be n(-6). Let t = -4 - k. What is the units digit of t?
2
Let q(d) = -d**2 + d. Let i be q(1). Suppose -2*y = x - 31, x + 3*x - y - 88 = i. What is the tens digit of x?
2
Let b(g) = 2*g - 18. Let q be b(11). Let s = -5 - -9. Suppose -16 = -4*l + v, s*v + 0 + q = 4*l. What is the units digit of l?
5
Let t = 62 + -35. What is the tens digit of t?
2
Suppose 0 = -4*q + 35 + 85. What is the units digit of q?
0
Suppose -5*x + 449 = -4*b, b + 263 = 3*x - 3*b. What is the units digit of x?
3
Suppose 4 + 2 = 2*s. Suppose 4*a - s = a. What is the units digit of a?
1
Let t(r) be the second derivative of 2*r**3/3 - r**2/2 - 2*r. Suppose 3 = -3*n + 12. What is the units digit of t(n)?
1
Suppose -39 = -2*g - 0*g - 3*m, 0 = g + m - 17. What is the units digit of g?
2
Let z(i) = 2*i**2 - 12*i - 11. What is the tens digit of z(9)?
4
Suppose -14 + 44 = 5*z. Suppose 0 = -2*g + 4*c + 34, 4*g - z*c = -2*c + 52. What is the units digit of g?
9
Let h(d) = d**2 - 12*d - 48. What is the hundreds digit of h(-8)?
1
What is the tens digit of (0 - 4/8)/((-1)/158)?
7
Suppose 2*x + 3*j + 2*j - 29 = 0, 16 = 3*x + 2*j. Suppose -6 = -x*n - 4. What is the units digit of n?
1
Let b be (-3)/(-2) - 7/(-2). Suppose 0 = -0*q - 4*q - 2*i + 38, 0 = -5*q - b*i + 60. What is the units digit of q?
7
Let k = 8 + -4. Suppose -4*a - 2*z + 12 = -4*z, 4*a = -k*z + 12. Suppose -a*h - 14 = -5*f, 2*f - 6*f + 20 = 2*h. What is the units digit of h?
2
Suppose 0 = 3*g - 36 - 123. What is the tens digit of g?
5
Suppose 2*a = 221 - 95. What is the tens digit of a?
6
Suppose 33 = 4*s + x + 4*x, 4*s + 17 = 5*x. Suppose 8 = 2*o + s. What is the units digit of o?
3
Let i = 8 + -3. Let v = -4 + i. What is the units digit of v?
1
Suppose r - 5*k = 14, 5*r = 2*k - 15 + 154. What is the tens digit of r?
2
What is the tens digit of -48*(-2)/3*1?
3
Let b be -1*(8 + 1 + -2). What is the units digit of -1*1*b/1?
7
Let v be 3 + (2 - 11/(-1)). Let g = v + -8. What is the units digit of 1/(-1) + g - 2?
5
Let a(d) = 3*d**2 + 6*d + 2. What is the tens digit of a(-6)?
7
Let c(p) = -p**3 - 13*p**2 + 6*p + 29. What is the units digit of c(-14)?
1
Let z be 1*6*-1*1. Let l(u) = -u**2 - 8*u - 2. What is the units digit of l(z)?
0
What is the tens digit of (-3 - -1)*(-335)/10?
6
Let g(i) = -i**3 - 4*i**2 + 5*i + 4. What is the units digit of g(-5)?
4
Let m(j) be the third derivative of j**5/15 - j**4/8 + j**3/6 - 3*j**2. What is the units digit of m(3)?
8
Let p(n) = 2*n - 6. Let a be p(4). What is the units digit of (-16)/(-12)*3/a?
2
Suppose -101 = -2*q + 27. What is the units digit of q?
4
Let b = -29 - -47. Suppose b + 28 = 2*x. What is the units digit of x?
3
Suppose 28 = -7*k + 3*k. Let i = k + 8. Let n = 4 - i. What is the units digit of n?
3
Let w = -240 + 369. What is the tens digit of w?
2
Let v(y) = y**2 - 5*